t z(q) = q**3 - 6*q**2 + 4*q + 11. Let x be z(5). What is r(x)?
-8
Suppose 0 = -h - 2*h - 9. Let r(n) = n + 6. Let m be r(h). Let j(f) = f**2 - f + 1. Let l(c) = c**3 + 4*c**2 - 8*c + 2. Let v(w) = 5*j(w) - l(w). What is v(m)?
-6
Let g be 0 - (6 - 2)*1. Let k(s) = -s**3 - s**2 + s + 1. Let u(o) = -2*o**3 - 5*o**2 + 2*o + 5. Let p(j) = k(j) - u(j). What is p(g)?
0
Suppose -2*z + 0*z = -6. Let p(g) = -3*g - 5. Let h(d) = 5 - 4 + 3 + 2*d - 2. Let j(l) = z*p(l) + 5*h(l). Determine j(5).
0
Let t = 5 - 5. Let v(s) = s**2 - s - 8. Calculate v(t).
-8
Let w(q) = 3*q**3 + 10*q**2 - 2*q - 6. Let p(t) = 4*t**3 + 11*t**2 - t - 7. Let l(i) = 4*p(i) - 5*w(i). Give l(5).
7
Let u(f) be the third derivative of -f**8/20160 - f**7/840 - f**6/80 + f**5/30 + 2*f**2. Let d(c) be the third derivative of u(c). Determine d(-6).
-9
Let a(n) = -n**2 - 6*n - 1. Suppose 5*c - 11 + 1 = 0. Let r be (-1)/2*c + -5. Calculate a(r).
-1
Let x(l) be the second derivative of l**5/60 + l**4/24 - l**3/6 + 3*l**2/2 - l. Let f(n) be the first derivative of x(n). Give f(-4).
11
Let u(b) = b**2 + 4*b - 1. Let n(w) = -3*w**2 - 12*w + 4. Let q(c) = 3*n(c) + 8*u(c). Give q(-5).
-1
Let m(b) = -b**3 - 2*b**2 + 4*b + 3. Suppose -2 = -0*l + 2*l. Let t = -5 - l. Let u be (-19)/7 + t/14. Determine m(u).
0
Let h(j) = j + 5. Let y(u) = -u - 7. Let i(l) = -4*h(l) - 3*y(l). Give i(-7).
8
Let y be 8/(-24) + 2/6. Suppose v - 5*v = y. Let l(q) = -q**3 - 8. What is l(v)?
-8
Let w(b) be the second derivative of b**6/360 + b**5/20 - b**4/6 + 5*b**3/6 + 3*b. Let a(r) be the second derivative of w(r). What is a(-7)?
3
Suppose 0 = 2*d - 0*d + 12. Let u(t) = t - 1. Calculate u(d).
-7
Let l(c) = -c - 4. Let v be l(-7). Let z(n) = 5*n**2 - n**v - 12 - n + 12. Suppose -5*y + 20 = -y. Give z(y).
-5
Let d(s) be the second derivative of -s**5/10 + s**4/12 - s**3/3 + s**2/2 + 3*s. Let z(f) = f**3 - f**2. Let b(y) = d(y) + 3*z(y). What is b(3)?
4
Suppose -4*g + 0 + 8 = 0. Let n be g/(1 + 1)*-2. Let r(c) = 3*c**2 + 3*c. What is r(n)?
6
Let w be (-4 + 2 + -4 + 3)*1. Let z(d) be the third derivative of d**6/120 + d**5/20 - d**4/6 - d**3/3 - d**2. Give z(w).
10
Let w(x) = 2*x**2 + x - 1. Let z(j) = -j - 3*j + 13 + 5*j. Let o be z(-11). Give w(o).
9
Let u(x) = x. Let t(w) = -11*w - 1. Let i(y) = -t(y) - 5*u(y). Give i(-4).
-23
Let m(z) = z**2 - 4*z + 2. Let f be (-27)/(-12) + 2/(-8). What is m(f)?
-2
Let q(i) be the second derivative of -i**3/6 - 16*i. Calculate q(-4).
4
Let y(c) = 0*c + 0 + 3 + c. Suppose 2*l + 3*l = -15. What is y(l)?
0
Let m(g) = -g**2 - 11. Let a(z) = -z**3 - 7*z**2 - z - 7. Let u be a(-7). Suppose -3*i + i = u. Calculate m(i).
-11
Let u(b) = b + 3. Let d be 4/(-14) + (-148)/(-28). Suppose 2*k = d*k + 12. Give u(k).
-1
Suppose -2*g + 7 = y, -g + 2 = 4*y - 5. Let m(u) = -8*u**2 - u + 1. Give m(y).
-8
Let g(x) = -11*x + 22*x - 8*x - 3 - 6*x. Determine g(3).
-12
Let f(q) be the first derivative of -q**5/20 + q**4/3 + q**3/3 - 3*q**2 + q - 1. Let j(w) be the first derivative of f(w). Calculate j(4).
2
Let i(a) = -1 + 2*a + 5*a**3 + 13*a**2 - 4*a**3 + 7*a**2 - 25*a**2. Calculate i(2).
-9
Let k(p) = p**3 - 2*p**2 - 3*p - 3. Let y(t) = 4*t - 4*t**2 - 2*t + 1 + 5*t**2 + 2. Let a be y(-2). What is k(a)?
-3
Let j be (-1 - 1) + (-2)/(-2). Let v(w) = -4*w**3 - w - 1. Calculate v(j).
4
Let v(j) = j**2 + j**2 + 5*j**2 - 3*j**2 + j**3 - 7*j - 3. What is v(-5)?
7
Let z(t) be the third derivative of -t**4/24 + 2*t**2. Let o(q) = q**2 + 12*q + 24. Let f be o(-9). Determine z(f).
3
Let p(c) = -c**2 - 3*c + 1. Let l(m) = 2*m**2 + 5*m - 2. Let u(q) = 6*l(q) + 11*p(q). Determine u(-2).
9
Let a(j) = j + 2 - 1 + 3*j**2 - 2*j - 5*j**2. Calculate a(2).
-9
Suppose -5*s = -4*s - 12. Suppose 4*a - 6 = -2*i, 0 = -3*a - i - 3*i + s. Let o(u) = -u - 4. Give o(a).
-4
Let z = -61 - -57. Let r(t) = t**3 + 5*t**2 + t + 1. Give r(z).
13
Let w(f) = f**2 + f. Let p(j) = 5*j**2 + 2*j. Let a(s) = p(s) - 3*w(s). Determine a(2).
6
Let x(s) be the third derivative of -s**6/120 + s**5/20 - s**3/6 + s**2. Let u be (-1)/(9/(-6))*-3. Let w(y) = -y + 1. Let z be w(u). Calculate x(z).
-1
Let o(t) = -t**2 - t + 1. Let x(v) = -v**3 + 8*v**2 - 4*v + 2. Let f(m) = -2*o(m) - x(m). Let c be (32/(-6) + 4)*3. Let b be ((-5)/c)/((-2)/(-8)). Give f(b).
1
Let u(p) = p**2 - p + 2. Let f be 15/(-10)*(-1 - -3 - 4). Give u(f).
8
Let j = -2 - -3. Let r(h) be the first derivative of 2*h**3 - h**2 + h - 19. Determine r(j).
5
Let x(n) be the second derivative of -1/3*n**3 + 0 - 3*n + 1/6*n**4 + 1/2*n**2 + 1/10*n**5. Give x(1).
3
Let v be 3 - (3 - 3/1). Let x(h) be the third derivative of h**6/240 - h**5/30 - h**4/12 - h**2. Let i(z) be the second derivative of x(z). Calculate i(v).
5
Suppose 19*t - 23 - 34 = 0. Let r(l) = -3*l + 4. Determine r(t).
-5
Let m(l) = l**3 - 7*l**2 + 8*l - 8. Let n be m(6). Let i(g) = g + 1 - 3*g + 2*g + n*g. Calculate i(-1).
-3
Let c(o) = o. Let q(r) = -10*r**2 + 5*r + 1. Let w(i) = 3*c(i) - q(i). Suppose 0*a = -2*a + 10. Suppose -a*f - 3 = 2. Determine w(f).
11
Let x(f) be the third derivative of -f**6/360 + 7*f**5/120 - f**4/4 + f**3/6 + 3*f**2. Let i(h) be the first derivative of x(h). Let q = 7 + -3. Give i(q).
6
Suppose -5*i + 9 + 26 = 0. Let s(a) = 3*a + 7 + 6 + 0*a - 4*a. What is s(i)?
6
Let c(y) = -y**3 + 11*y**2 + 12*y - 3. Let d be c(12). Let k be ((-4)/(-3))/(d/9). Let z(g) = -g**2 - 5*g - 5. Give z(k).
-1
Let k(y) be the third derivative of -1/24*y**4 - 1/3*y**3 + 0*y + 4*y**2 + 0 - 1/120*y**6 - 1/60*y**5. What is k(0)?
-2
Suppose 0*w + 3*w - 12 = 5*d, -3*d + 4 = w. Let s = -1 - d. Let n(r) = 3*r - r**3 - 5*r + 3*r + 1 + r**2 + 0*r**2. Calculate n(s).
2
Let v(i) = -i - 4. Let c be (-4)/(-2)*1/(-2). Let x be c + 1*(0 + 1). Suppose -2*s + x*u = u, 4*s - 5*u = 0. Determine v(s).
-4
Suppose 2*v = -4 + 14. Suppose 4*o = v*z - 6, 3*o - 2*z + 4*z = -16. Let y(b) = -2*b + 1 + 0 + b - 10. Calculate y(o).
-5
Let p be -12*1*4/(-6). Suppose -2*m = 2*m + p. Let a(s) = s**2 + 3*s + 2. What is a(m)?
0
Suppose 3*h = 2*q + 5, -5*h + 0*h + 5 = -4*q. Let b(r) = -r - 1. What is b(h)?
-6
Let y(w) = -w - 3. Let p = 7 + -2. Suppose -p*v + 11 + 4 = 0. Determine y(v).
-6
Let b(g) = -g + 8. Let s(j) = j + 0 - 2*j + 8. Let z(n) = -4*b(n) + 5*s(n). Determine z(4).
4
Let j(n) = -4*n**3 + 12*n**2 + 7*n - 15. Let t(z) = -3*z**3 + 8*z**2 + 5*z - 10. Let r(i) = 5*j(i) - 7*t(i). Calculate r(-4).
-5
Let b be -1 + 2 + (-2)/(-2). Let u(d) = -3*d + 3*d - b*d. Let a = 14 - 17. Calculate u(a).
6
Let k(n) = -2*n + 2. Let s be k(2). Let b(w) = -w**2 + w - 1. Calculate b(s).
-7
Let n(u) = -3 + u + 4 + 0*u. Let x = -35 - -36. What is n(x)?
2
Let p(a) = -9*a + 17*a - 7*a - 2*a. Give p(-4).
4
Let s(m) = -3*m. Let k(g) be the third derivative of 2*g**4/3 - 4*g**2. Let y(a) = 2*k(a) + 11*s(a). Calculate y(-6).
6
Suppose -11 = -2*b - 3. Let o(q) = q - 7*q**2 + 4*q**2 - b*q. Calculate o(-2).
-6
Let s(h) = -3 + 0*h**2 + 6*h + h - h**2 - h. Let c be -6 - -4 - 1*-5. Determine s(c).
6
Let a(r) = -r**2 - 5*r. Let n be a(-3). Let p(t) = t**2 - 6*t + 5. Calculate p(n).
5
Let c(g) = 3 + 310*g - g**2 - 11 - 309*g. Give c(0).
-8
Let l(f) = -3 + 20*f + 21*f - 38*f. Calculate l(2).
3
Let m(y) = -y**3 - 7*y**2 + 9*y + 3. Let j be m(-8). Let c(k) = -k**3 - 4*k**2 + 4*k - 2. Let d be c(j). Let t = d + -4. Let x(r) = -7*r**2 - r. Give x(t).
-6
Let p(i) be the second derivative of i**6/360 - i**5/30 + i**4/8 + 2*i**3/3 - 2*i. Let z(y) be the second derivative of p(y). Calculate z(4).
3
Let k(r) = -4*r. Let p be -1 + 1 + (-3 - -6). Suppose -2*y - 3*h = -2, -3*y - 2*h = -h - 10. Let m = y - p. Calculate k(m).
-4
Let p(u) be the third derivative of -u**5/60 - u**4/6 - 4*u**2. Calculate p(-4).
0
Suppose -1 = -3*d + 5. Suppose d*p - 16 = -2*p. Let y(s) = -s**2 + 6*s - 3. Determine y(p).
5
Let l be (-8)/6 + (-12)/(-9). Let o(r) = r + 13. Determine o(l).
13
Let s be (-2)/((-5)/((-10)/4)). Let t(i) = -35*i**3 + 25*i**3 + i**2 + i + 0*i. Determine t(s).
10
Let f(y) = y. Let m(b) = 4*b + 7. Let a = 5 + -4. Let q(c) = a*m(c) - 3*f(c). Determine q(-6).
1
Suppose 3*p = 3*m, -2*m = 5*p + 4 + 3. Let f(n) be the third derivative of -2/15*n**5 + 0 - 2*n**2 + 0*n**3 + 0*n + 1/24*n**4. What is f(m)?
-9
Let s(u) = u**2 + 5*u - 2. Suppose -3*v = 3*g + 33, -2*g - v = 3*v + 32. Calculate s(g).
4
Suppose -2*j - 16 